
What is the remainder when 6628 is divided by 3134?
360
Calculate the remainder when 263919 is divided by 259.
257
What is the remainder when 2652 is divided by 114?
30
Calculate the remainder when 4599 is divided by 2295.
9
Calculate the remainder when 631445 is divided by 136.
133
What is the remainder when 140132 is divided by 49?
41
Calculate the remainder when 58719 is divided by 80.
79
What is the remainder when 57346 is divided by 28673?
0
What is the remainder when 74211 is divided by 14?
11
What is the remainder when 3557 is divided by 272?
21
Calculate the remainder when 14224 is divided by 24.
16
Calculate the remainder when 359 is divided by 31.
18
What is the remainder when 32249 is divided by 278?
1
Calculate the remainder when 3360 is divided by 300.
60
Calculate the remainder when 40437 is divided by 53.
51
Calculate the remainder when 3542 is divided by 678.
152
Calculate the remainder when 930 is divided by 103.
3
Calculate the remainder when 55975 is divided by 577.
6
Calculate the remainder when 13228 is divided by 13223.
5
Calculate the remainder when 2112 is divided by 1066.
1046
Calculate the remainder when 16160 is divided by 577.
4
Calculate the remainder when 1699 is divided by 236.
47
Calculate the remainder when 107131 is divided by 34.
31
Calculate the remainder when 8475 is divided by 257.
251
What is the remainder when 1225 is divided by 266?
161
Calculate the remainder when 262715 is divided by 13.
11
Calculate the remainder when 1583863 is divided by 58.
57
Calculate the remainder when 210578 is divided by 139.
132
Calculate the remainder when 16140 is divided by 211.
104
Calculate the remainder when 3713 is divided by 234.
203
Calculate the remainder when 2135 is divided by 58.
47
What is the remainder when 30094 is divided by 12?
10
Calculate the remainder when 120495 is divided by 60246.
3
Calculate the remainder when 3747 is divided by 180.
147
What is the remainder when 48961 is divided by 4080?
1
What is the remainder when 1255 is divided by 311?
11
Calculate the remainder when 984560 is divided by 19.
18
Calculate the remainder when 697 is divided by 336.
25
What is the remainder when 9229470 is divided by 1759?
1756
What is the remainder when 296 is divided by 218?
78
What is the remainder when 2969 is divided by 45?
44
What is the remainder when 408322 is divided by 84?
82
Calculate the remainder when 37716 is divided by 6271.
90
Calculate the remainder when 62314 is divided by 264.
10
What is the remainder when 119802 is divided by 491?
489
Calculate the remainder when 5235 is divided by 1691.
162
Calculate the remainder when 1181 is divided by 397.
387
What is the remainder when 8603 is divided by 12?
11
What is the remainder when 10573 is divided by 22?
13
What is the remainder when 28078 is divided by 45?
43
What is the remainder when 13712 is divided by 361?
355
Calculate the remainder when 4100 is divided by 2026.
48
What is the remainder when 5818 is divided by 89?
33
What is the remainder when 30624 is divided by 128?
32
Calculate the remainder when 2368 is divided by 2048.
320
Calculate the remainder when 3355 is divided by 588.
415
Calculate the remainder when 55344 is divided by 101.
97
Calculate the remainder when 29889 is divided by 41.
0
Calculate the remainder when 47375 is divided by 11.
9
Calculate the remainder when 17865 is divided by 1048.
49
Calculate the remainder when 184666 is divided by 464.
458
What is the remainder when 20555 is divided by 221?
2
What is the remainder when 49316 is divided by 2595?
11
What is the remainder when 180789 is divided by 90390?
9
Calculate the remainder when 1293 is divided by 207.
51
Calculate the remainder when 5888 is divided by 817.
169
What is the remainder when 451 is divided by 96?
67
Calculate the remainder when 1893 is divided by 99.
12
Calculate the remainder when 620814 is divided by 124160.
14
Calculate the remainder when 227491 is divided by 56865.
31
What is the remainder when 836637 is divided by 20?
17
What is the remainder when 3529 is divided by 142?
121
What is the remainder when 34140 is divided by 11358?
66
What is the remainder when 1378 is divided by 150?
28
What is the remainder when 328756 is divided by 13?
12
Calculate the remainder when 1097 is divided by 707.
390
Calculate the remainder when 16367 is divided by 176.
175
What is the remainder when 3597 is divided by 18?
15
Calculate the remainder when 15064 is divided by 2195.
1894
What is the remainder when 12501 is divided by 6239?
23
Calculate the remainder when 75516 is divided by 2616.
2268
Calculate the remainder when 779052 is divided by 194762.
4
What is the remainder when 116198 is divided by 10?
8
Calculate the remainder when 10428 is divided by 19.
16
What is the remainder when 72766 is divided by 36379?
8
What is the remainder when 77465 is divided by 288?
281
What is the remainder when 14759 is divided by 33?
8
What is the remainder when 2614 is divided by 666?
616
Calculate the remainder when 10072 is divided by 4984.
104
Calculate the remainder when 186 is divided by 18.
6
Calculate the remainder when 915455 is divided by 23.
9
What is the remainder when 760391 is divided by 56?
23
What is the remainder when 19083 is divided by 9540?
3
What is the remainder when 29937 is divided by 328?
89
What is the remainder when 13844 is divided by 19?
12
Calculate the remainder when 5637 is divided by 31.
26
Calculate the remainder when 26946 is divided by 11.
7
Calculate the remainder when 710 is divided by 491.
219
Calculate the remainder when 3081 is divided by 31.
12
What is the remainder when 10196 is divided by 1274?
4
What is the remainder when 906526 is divided by 16?
14
Calculate the remainder when 9024 is divided by 831.
714
Calculate the remainder when 171794 is divided by 133.
91
What is the remainder when 18178 is divided by 1398?
4
What is the remainder when 1279 is divided by 1067?
212
What is the remainder when 66177 is divided by 4409?
42
Calculate the remainder when 11292 is divided by 5641.
10
Calculate the remainder when 44090 is divided by 44089.
1
Calculate the remainder when 735423 is divided by 64.
63
What is the remainder when 52510 is divided by 217?
213
What is the remainder when 180489 is divided by 12?
9
What is the remainder when 154308 is divided by 358?
10
What is the remainder when 155623 is divided by 83?
81
What is the remainder when 185 is divided by 108?
77
Calculate the remainder when 5663 is divided by 1413.
11
Calculate the remainder when 20561 is divided by 953.
548
Calculate the remainder when 5026 is divided by 143.
21
Calculate the remainder when 610211 is divided by 11.
8
Calculate the remainder when 18625 is divided by 1112.
833
What is the remainder when 4011 is divided by 39?
33
What is the remainder when 1152 is divided by 184?
48
What is the remainder when 724971 is divided by 28?
23
What is the remainder when 1084 is divided by 977?
107
Calculate the remainder when 79842 is divided by 33.
15
What is the remainder when 833440 is divided by 102?
100
Calculate the remainder when 248422 is divided by 12.
10
Calculate the remainder when 66791 is divided by 44.
43
Calculate the remainder when 1383 is divided by 309.
147
What is the remainder when 17638 is divided by 294?
292
What is the remainder when 11136 is divided by 658?
608
What is the remainder when 2075 is divided by 1515?
560
What is the remainder when 9478 is divided by 4721?
36
What is the remainder when 2622 is divided by 1308?
6
What is the remainder when 14422 is divided by 78?
70
What is the remainder when 2194 is divided by 448?
402
Calculate the remainder when 3585 is divided by 1779.
27
Calculate the remainder when 158244 is divided by 158240.
4
Calculate the remainder when 17174 is divided by 94.
66
Calculate the remainder when 13759 is divided by 4584.
7
What is the remainder when 81114 is divided by 480?
474
What is the remainder when 309374 is divided by 196?
86
Calculate the remainder when 20886 is divided by 107.
21
What is the remainder when 931661 is divided by 21?
17
What is the remainder when 194405 is divided by 2400?
5
Calculate the remainder when 161957 is divided by 6229.
3
Calculate the remainder when 34095 is divided by 220.
215
Calcul